- 6. Give i(1).
-10
Suppose -5*t - 1 = 4*f - 8, 5*f = 2*t + 17. Let n(x) = 0*x + 2*x**3 - 2*x - 5 + 2 - 4*x**2 - x**f. What is n(4)?
-11
Let b(m) = m**3 - 2*m**2 + 5*m + 6. Let y(j) = -j**3 + 3*j**2 - 6*j - 7. Let o(p) = -6*b(p) - 5*y(p). Determine o(-4).
15
Let s(m) = -7*m - 1. Let l(o) = o. Let d(g) = -5*l(g) - s(g). Suppose 21 = -4*u + 1. What is d(u)?
-9
Let q(w) be the first derivative of -3*w**2 - 5. What is q(-1)?
6
Let g(c) = -10*c**3 + 4*c**2 + 16*c - 6. Let o(a) = -3*a**3 + a**2 + 5*a - 2. Let i(r) = -2*g(r) + 7*o(r). Determine i(-3).
7
Suppose -3*m + 0*w - 2*w - 3 = 0, 5*m + 2*w = -9. Let g(t) = t**3 + 5*t**2 + t - 3. Calculate g(m).
12
Let r(t) = t - 2. Let p(w) = 2*w + 4 + 3*w - 5*w - w. Let i be p(4). Suppose -q - 2*q = i. Calculate r(q).
-2
Let a(b) be the third derivative of -b**5/60 + b**4/24 - b**3/6 - 26*b**2. Determine a(3).
-7
Let y(q) be the third derivative of q**5/60 + 7*q**4/24 + q**3/6 + 35*q**2. What is y(-7)?
1
Let h(d) = d**3 - 6*d**2 + 6*d + 5. Let l(f) = -f**3 + 6*f**2 - 7*f - 4. Let n(q) = -3*h(q) - 2*l(q). Calculate n(5).
-2
Suppose -4*k + 20 = -2*u + 6*u, -k - 1 = -5*u. Let h(x) be the first derivative of -x**3/3 + 2*x**2 - x - 2. Give h(k).
-1
Let v(r) be the first derivative of -r**2 + 1/3*r**3 + 1/24*r**4 + 0*r + 3. Let p(a) be the second derivative of v(a). What is p(-5)?
-3
Let s(y) = -y + 2. Suppose -h - 15 = -3*i, i + 2*h = -2*i + 6. Determine s(i).
-2
Let v be 11 - 18 - (-4 + 1). Let w(b) = b**2 + 7*b + 6. Give w(v).
-6
Let w = 87 - 90. Let r(j) = -j - 3. Calculate r(w).
0
Let b(y) = y**3 + 14*y**2 - 4*y - 48. Let u be b(-14). Let t(d) = 2*d - 4. Determine t(u).
12
Let v(z) = z - 4. Let x(p) = p**3 + 5*p**2 - 23*p + 5. Let r be x(-8). What is v(r)?
-7
Let w(x) = 5*x**3 - x**2 + x + 1. Let d(l) be the second derivative of -l**5/20 + l**4/2 + l**3/6 - 7*l**2/2 - 2*l. Let r be d(6). Give w(r).
-6
Let d(p) = -p - 1. Let c(x) = 5*x + 8. Let f(s) = c(s) + 6*d(s). What is f(-5)?
7
Let x(b) be the third derivative of -1/60*b**5 - 1/30*b**6 + 0*b**3 + b**2 + 0 + 0*b - 1/24*b**4. Calculate x(-1).
4
Let s(z) = -z**3 - 5*z**2 - 5*z + 1. Suppose 0*c + 3*c = 0. Suppose -y - 1 - 3 = 0. Let b = y + c. Determine s(b).
5
Let s(i) = i**2 - 6*i. Let w(f) = 2*f - 2. Let o(a) = -a - 2. Let j be o(-10). Let b = j + -4. Let z be w(b). Give s(z).
0
Let o = -2 - 1. Let k be (-7)/21 + 2/o. Let u(y) be the second derivative of -y**5/20 - y**4/6 + y**2/2 + y. Determine u(k).
0
Let z = -5 - 15. Let s = z - -17. Let o(w) = 2*w + 3. Determine o(s).
-3
Let n(d) = -10*d**3 - d**2 + 2*d - 4. Let a(w) = w**2 + 3 - w - w**2 + w**2 + 4*w**3 + 3*w**3. Let j(c) = 7*a(c) + 5*n(c). Determine j(3).
1
Let l(q) = -4*q + 1. Suppose -2*n - 5*b + 6 = -3*n, 0 = -4*n - 5*b + 26. Suppose -16 = -4*d + 4*r - 0*r, -5*d - n*r + 11 = 0. Give l(d).
-11
Let h(c) be the second derivative of c**3/6 - c**2/2 - 2*c. Suppose -5*x + 1 = -14. Suppose 0*d = 3*d + x. Give h(d).
-2
Let u(m) = -m. Suppose -2*y = -4*y + 12. Let f(b) = -b + 4. Let c be f(y). Let x be (c/4)/((-5)/(-20)). Give u(x).
2
Let g(y) be the first derivative of -y**2/2 - 4*y - 3. Determine g(3).
-7
Let n(a) = a**2 + 3*a - 3. Suppose d = -4*y + 17, y - 34 = -4*y + 3*d. Suppose 3*i + y + 10 = 0. Give n(i).
7
Let v(g) = -3*g**2 - g + 1. Let m be 1/(-3) + 14/6. Suppose -2*j + 9 = -s, -m*j + 4*j - 7 = 3*s. Suppose 1 = -j*a - 9. Determine v(a).
-9
Let i(b) = -b**2 + 9. Suppose -y + 3 = -2*y. Let j = y + 6. Suppose 0 = j*n - 0*n. Calculate i(n).
9
Let m(p) be the third derivative of p**6/120 + p**5/10 + 7*p**4/24 + 5*p**3/6 - 5*p**2. Determine m(-5).
-5
Let y(m) = -m**3 + 6*m**2 - 2*m + 7. Suppose 4*u = 4*k - 8*k, 0 = 2*k + u. Let n = 6 + k. What is y(n)?
-5
Let z(n) = 3*n**2 + 2 - 5*n - n**2 - 3*n**2. Let p be z(-6). Let f(o) be the third derivative of -o**5/60 - o**4/24 + 2*o**3/3 - 7*o**2. Calculate f(p).
-8
Let f be (-4)/2 + 1 - -8. Let n = 5 + f. Suppose -z - 2*z + n = u, -3*z = 5*u - 36. Let h(q) = -q + 8. What is h(u)?
2
Let b = -7 + 8. Let s(i) = 13*i**2 - 2*i + 1. Let c(f) be the first derivative of 22*f**3 - 11*f**2/2 + 5*f + 3. Let h(r) = -2*c(r) + 11*s(r). Calculate h(b).
12
Let c(v) = 5*v**2 - 1. Let k(l) = l**2 - l + 1. Let o be k(0). Suppose 2 = -0*i - i, 2*i - 4 = -4*w. Suppose 3*h - o = w*h. Determine c(h).
4
Let q(w) = -3*w - 2. Let t = -204 - -209. What is q(t)?
-17
Let t(m) = m**3 - m**2 - m + 4. Suppose 0 = -5*y + y + 8. Let c(s) = s**2 - 3*s + 2. Let h be c(y). Calculate t(h).
4
Let p(d) = d**3 - 7*d**2 + 4*d + 7. Suppose j - 31 = -25. Calculate p(j).
-5
Let z(a) be the first derivative of a**2 - 2*a - 1. Let i(r) = r**2 - 9*r - 4. Let y be i(9). Calculate z(y).
-10
Let z(w) = -w**2 + w. Let k(j) = j**3 + 3*j + 5. Let c(r) = -k(r) + 4*z(r). Determine c(-4).
-9
Let r(n) = n**2 - 4*n - 2. Let c(z) = -z**2 + 3*z + 2. Let h(i) = -5*c(i) - 4*r(i). Suppose 3*k - 8 - 10 = 0. Suppose k*y - 12 = 2*y. Determine h(y).
10
Let k(l) = -l**3 - 7*l**2 + 8*l + 9. Suppose 0*w = 3*w. Suppose w*u - 5 = -u. Let x(i) = i**3 + 8*i**2 - 9*i - 10. Let j(s) = u*x(s) + 6*k(s). Calculate j(-3).
4
Let s be 1/(-1*1/9). Let w be 1 + -1 - 27/s. Let p(x) = -x**3 + 3*x**2 + 2*x - 1. Calculate p(w).
5
Let s(i) = i - 2. Let p(h) = h**3 + 2*h**2 + 2*h + 1. Let m be p(-1). Determine s(m).
-2
Let u(f) = 1 + 0*f + 0*f + 2*f - 3*f. Determine u(-4).
5
Let m(u) = -8*u**2 - 15*u + 20. Let o(h) = 3*h**2 + 5*h - 7. Let s(w) = -4*m(w) - 11*o(w). Suppose -3 = -3*l + 6. Give s(l).
3
Suppose 6*i + 16 = 4. Let u(f) = -2*f**3 - 3*f**2 - 2*f + 2. Calculate u(i).
10
Let x be ((-6)/(-9) - 0)*1/8. Let q(t) be the third derivative of 3*t**2 - 1/6*t**3 + 1/30*t**5 + 0*t - x*t**6 + 0 + 0*t**4. Determine q(1).
-9
Let j(a) = a**2 - 11*a + 12. Let o be j(10). Let c(l) = -2 + 1 + 3*l + o - l**3. What is c(-2)?
3
Let d(v) = -v**2 - 5*v - 4. Let p be d(-5). Let h(s) = -s**2 - 3*s + 3. Let g(t) = t**2 + 3*t - 3. Let u(c) = 6*g(c) + 5*h(c). Calculate u(p).
1
Suppose -3*j - 4*g + 45 = 0, -3*j = -2*j - 3*g - 2. Let h = j - 10. Let z(b) = 13*b**2 - b. Give z(h).
12
Suppose 0 = -5*r - 4*y - 8, r + 0*y = y + 2. Let p = 2 - r. Suppose -p - 3 = 2*h - x, -5*h + 25 = 5*x. Let a(o) = o**3 + o**2 + o - 1. Determine a(h).
-1
Let i(l) = -l**2 + 6*l - l**2 + l**2. Let s(d) = -5*d + 15. Let u be s(2). Calculate i(u).
5
Let w(x) = 5*x**2 - x. Let o be w(-1). Let j(t) = -t**3 + t**2 + t + 5. Let a(h) = -h**3 + 2*h**2 + h + 6. Let y(r) = o*j(r) - 5*a(r). Determine y(-3).
-12
Let a(q) = q**3 - 8*q**2 + q - 3. Suppose 0 = -m + 11 - 3. Give a(m).
5
Let f(w) = 2*w**3 - 7*w**2 + 3*w + 6. Let b(l) = -3*l**3 + 11*l**2 - 5*l - 9. Let n(v) = -5*b(v) - 8*f(v). Determine n(0).
-3
Let m be (2/(-4))/(7/(-70)). Suppose 0 = -4*z - m*r + 4, -3*z - 4 = -2*r + 16. Let l(u) = -u + 1. Let f(o) = -o. Let p(d) = 3*f(d) - 2*l(d). Determine p(z).
2
Let r = 19 + 0. Let w = r - 16. Let o(z) = 2*z + 4. What is o(w)?
10
Let u(y) = -y**2 - 3*y**2 - 1 - 4*y + 2*y. Let d be (-20)/(-6) - 1/3. Suppose d*j = 3*g + 9, -5 = -3*g + j - 5*j. Calculate u(g).
-3
Let k(j) = -4*j + 3*j + 24 - 25 + 0*j. Give k(-4).
3
Suppose 9 + 7 = 2*d. Suppose -2*t = 5*n + 8, d*n + 10 = -t + 4*n. Let r(o) = -o**3 + 11*o**2 + 0*o**3 - 6*o**2 + 7*o. Determine r(t).
6
Suppose -2*n = -0*z - 2*z - 18, -2*z = n + 6. Suppose -6*w - n*j = -3*w + 4, -w = 2*j + 2. Let y(k) = 2 - 5*k + w - 4. What is y(-2)?
8
Let f(i) = -2*i**2 + i + 2. Let n be f(2). Let y(s) = s - 1. Let j(h) = h - 2. Let k(c) = 5*j(c) - 6*y(c). Give k(n).
0
Suppose 0 = 5*d + 24 + 6. Let b = d + 2. Let h(t) = t**2 + 6*t + 5. Calculate h(b).
-3
Suppose 2*p + 2*p = 0. Let v(i) be the second derivative of i**3/6 + 4*i**2 - 99*i. What is v(p)?
8
Let q(y) = -2*y**2 + 5*y + 2. Let p(o) = 2*o**2 + o + 1. Let n be p(1). Give q(n).
-10
Suppose 2*y = -5*r + 27, -2*y = -r + 2 + 1. Let q(o) = -o**2 + o + 4. Give q(r).
-16
Let h(n) = -16*n**2 + 27*n**2 + 8*n - 4 - 12*n**2. What is h(6)?
8
Let k(b) = -b + 16. Let f be k(17). Let p(w) = -9*w**2 - 1. Calculate p(f).
-10
Let m(n) = 6*n**3 - 4*n**2 + 0 - 5 + 2*n - 7*n**3 + 2*n**3. Give m(4).
3
Let l(m) = 3*m - 4. Let h(s) = s**2 + 10*s + 7. Let a(b) = b. Let v(g) = 2*a(g) - h(g). Let c be v(-6). Calculate l(c).
11
Let d(i) = -i**3 - 5*i**2 - 4*i + 1. Let k be d(-3). Let u = k - -6. Let g be (u - 0)/((-2)/10). Let w(q) = -q**3 - 